{"id":473,"date":"2017-08-12T02:57:37","date_gmt":"2017-08-12T02:57:37","guid":{"rendered":"http:\/\/www.zeppelines.com.uy\/wordpress\/?page_id=473"},"modified":"2025-01-24T18:54:01","modified_gmt":"2025-01-24T18:54:01","slug":"zeppelines-park","status":"publish","type":"page","link":"https:\/\/www.zeppelines.com.uy\/index.php\/zeppelines-park\/","title":{"rendered":"Zeppelines Park"},"content":{"rendered":"<p style=\"text-align: center;\"><strong>Bienvenidos a Zeppelines Park \u2013 Diversi\u00f3n sin l\u00edmites en <\/strong><strong>Punta del Este<br \/>\nEstamos a unas cuadras de Punta Shopping, en Pascual Gattas y Bulevar Artigas.<br \/>\n<\/strong><\/p>\n<p style=\"text-align: center;\">En <strong>Zeppelines Park<\/strong> nos mudamos a un nuevo y emocionante espacio en Punta del Este, donde la diversi\u00f3n y la aventura se combinan en un solo lugar. Nuestro parque cuenta con una amplia variedad de juegos y atracciones para toda la familia. Desde emocionantes actividades al aire libre hasta juegos interactivos, aqu\u00ed encontrar\u00e1n momentos de diversi\u00f3n \u00fanicos que har\u00e1n de su visita una experiencia inolvidable.<\/p>\n<p style=\"text-align: center;\">Ven a disfrutar de un d\u00eda lleno de risas, adrenalina y buena compa\u00f1\u00eda en un ambiente seguro y rodeado de naturaleza. Ya sea que busques emociones fuertes o una actividad tranquila para disfrutar en familia, <strong>Zeppelines Park<\/strong> es el destino perfecto para todos.<\/p>\n<p style=\"text-align: center;\">\n<\/p>\n","protected":false},"excerpt":{"rendered":"<p>Bienvenidos a Zeppelines Park \u2013 Diversi\u00f3n sin l\u00edmites en Punta del Este Estamos a unas cuadras de Punta Shopping, en Pascual Gattas y Bulevar Artigas. En Zeppelines Park nos mudamos a un nuevo y emocionante espacio en Punta del Este, donde la diversi\u00f3n y la aventura se combinan en un solo lugar. Nuestro parque cuenta [&hellip;]<\/p>\n","protected":false},"author":1,"featured_media":0,"parent":0,"menu_order":0,"comment_status":"closed","ping_status":"closed","template":"","meta":[],"_links":{"self":[{"href":"https:\/\/www.zeppelines.com.uy\/index.php\/wp-json\/wp\/v2\/pages\/473"}],"collection":[{"href":"https:\/\/www.zeppelines.com.uy\/index.php\/wp-json\/wp\/v2\/pages"}],"about":[{"href":"https:\/\/www.zeppelines.com.uy\/index.php\/wp-json\/wp\/v2\/types\/page"}],"author":[{"embeddable":true,"href":"https:\/\/www.zeppelines.com.uy\/index.php\/wp-json\/wp\/v2\/users\/1"}],"replies":[{"embeddable":true,"href":"https:\/\/www.zeppelines.com.uy\/index.php\/wp-json\/wp\/v2\/comments?post=473"}],"version-history":[{"count":26,"href":"https:\/\/www.zeppelines.com.uy\/index.php\/wp-json\/wp\/v2\/pages\/473\/revisions"}],"predecessor-version":[{"id":876,"href":"https:\/\/www.zeppelines.com.uy\/index.php\/wp-json\/wp\/v2\/pages\/473\/revisions\/876"}],"wp:attachment":[{"href":"https:\/\/www.zeppelines.com.uy\/index.php\/wp-json\/wp\/v2\/media?parent=473"}],"curies":[{"name":"wp","href":"https:\/\/api.w.org\/{rel}","templated":true}]}}